 2)*1.
2
Let f be 1/(-2)*-6 - 3. Suppose r - 30 + 10 = f. What are the prime factors of r?
2, 5
What are the prime factors of 7/42 + (-250)/(-12)?
3, 7
Let p(t) = 2*t**2 - 6*t - 7. What are the prime factors of p(-3)?
29
Suppose -a + 5*a + 4*y = 12, 4*a - 4*y = 4. Let t = a - -28. List the prime factors of t.
2, 3, 5
Suppose -2 = 3*k - 5. Suppose s - 4 = 5*s. What are the prime factors of s*(-1 + k + -24)?
2, 3
Suppose -5*u + z - 1 = -496, -5*z = 0. Suppose -3*y - 93 = -4*n, 0 = 5*n + y - 3 - u. What are the prime factors of n?
3, 7
Let i(v) = -16*v**2 - 16*v**2 - v - 18*v**3 + 31*v**2 - 1. List the prime factors of i(-1).
17
Let q = 426 + -300. Let j be 2/10 - q/30. Let g(m) = -m**3 - 4*m**2 - 4*m + 1. What are the prime factors of g(j)?
17
Let j = 4 - 4. Suppose 2*a + 2 - 20 = j. List the prime factors of a.
3
Suppose -5*q + 5*m - 9 + 34 = 0, 4*q + 3*m - 6 = 0. Let v(t) = t**2 - 1 - 3*t + 2 + q. What are the prime factors of v(5)?
2, 7
Let c = -42 - -205. List the prime factors of c.
163
What are the prime factors of (312/(-20))/((-2)/5)?
3, 13
Let z(m) be the first derivative of -m**3/3 + 3*m**2 - m - 1. What are the prime factors of z(5)?
2
Let n = -116 - -179. List the prime factors of n.
3, 7
Suppose 2*k - 6 = -r, -k + 1 = 5*r - 2. Suppose -w + 1 + 2 = r. Suppose 4*b - w = -d + 6, d - 7 = -2*b. What are the prime factors of d?
5
Let a(d) = d**3 + 3*d**2 - d + 3. Let s be a(-3). Suppose -g - 17 + 19 = 0. Suppose -s = -g*v - 0*v. What are the prime factors of v?
3
Let u be -1 + 3 + -6 + 4. Suppose -o - 3*o - 2*g - 4 = u, 5*g + 10 = -4*o. What are the prime factors of ((-20)/(-2))/(o - -2)?
5
Let q(y) = 7*y - 4. Let s(m) = -15*m + 8. Let t(v) = 9*q(v) + 4*s(v). Let u be 2/(-8) - 68/(-16). List the prime factors of t(u).
2
Let i(d) be the second derivative of -2*d**3/3 - 5*d**2/2 + 3*d. What are the prime factors of i(-8)?
3
Suppose 2*s = -2*a, -3*s + 2 + 6 = a. Suppose 9*k = s*k - 85. List the prime factors of 6/10 + k/(-5).
2
Let i(f) = f + 9. Let l be (-58)/(-8) - (-4)/(-16). Let v be i(l). Suppose 3*c = -v + 52. What are the prime factors of c?
2, 3
Let g = -141 - -211. What are the prime factors of g?
2, 5, 7
Let j(z) = -10*z**3 + z**2. Let r be j(1). Let b(u) be the third derivative of u**5/60 + 7*u**4/24 - u**3 - 3*u**2. What are the prime factors of b(r)?
2, 3
Suppose 2*t + t - 43 = -p, -2*p + 76 = 4*t. Let w = p + 7. List the prime factors of w.
5, 7
Let n be 434/6 + 1/(-3). Suppose n - 210 = -3*c. Suppose -2*y = a - 5*a - 22, 2*y - c = -4*a. List the prime factors of y.
17
Let o(w) = w**3 - 2*w**2 - w - 1. Let m be o(3). Suppose -2*h + 2*f = m*f - 17, -3*f = h - 4. List the prime factors of h.
13
Let x = -195 + 281. List the prime factors of x.
2, 43
Let l(q) = -q**3 + q + 3. Let r be l(0). Suppose -z = z - 3*j, -3*j + 30 = r*z. What are the prime factors of z?
2, 3
Let w be (-17)/(-3) - (-20)/(-30). Let m(f) = 2*f + 11. What are the prime factors of m(w)?
3, 7
Let n be (48/(-10))/(3/(-50)). Suppose -w + 4 = -r + 24, 2*w = -4*r + n. Suppose 7*v - 2*v = r. List the prime factors of v.
2
Suppose -10 = 2*q - 4*s - 0*s, 0 = 5*q - 3*s + 18. What are the prime factors of (7/q)/((-2)/36)?
2, 3, 7
Let j(t) be the first derivative of t**2/2 + 4*t - 4. List the prime factors of j(8).
2, 3
Suppose -2*m - z = -528, -m + z + 264 = -4*z. What are the prime factors of m?
2, 3, 11
Let o(v) = -3*v. Let r be o(-4). Suppose 2*k - r = -k. What are the prime factors of k?
2
Let g be 5/(-15) - 13/(-3). Suppose 3*t = 4*q - 26, -2*t = -g*q + 2*t + 24. What are the prime factors of q?
2
Suppose 0 = -4*m + 471 + 257. List the prime factors of m.
2, 7, 13
Let p = 1 + 1. Suppose 3*y + 4*h - 9 = 23, -p*y - 12 = -4*h. Suppose 4*a - 12 = -4*c + y, -c + 22 = 4*a. List the prime factors of a.
2, 3
Let a = -2 - -6. Let i be (-1 + 1)/(a + -3). Suppose i = 2*u - 6. List the prime factors of u.
3
Let z(q) = -q. Let k(w) = -1. Let o(a) = k(a) - 6*z(a). Let c be o(-1). List the prime factors of 4/8 - c/2.
2
Let r(j) = j. Let o be r(-1). Suppose -i + 4*l + 162 = i, -116 = -i - 5*l. What are the prime factors of (o - -4)*i/21?
13
Let y(k) = k**3 - 4*k**2 + 2*k - 2. Let l be y(4). Let t = 11 - l. What are the prime factors of t?
5
Let f be 21/6*4/2. Suppose -m - f = -5. What are the prime factors of 246/18 - m/(-3)?
13
Let u = -27 + 73. List the prime factors of u.
2, 23
Let t be -44*(-1 + 1 - 1). What are the prime factors of (3 + t/(-12))*-12?
2
Let w be (-10)/4*36/(-30). Suppose 0 = 3*l - 2 - 1. What are the prime factors of (w - l)/(2/13)?
13
Let l(b) = b**3 - 2*b**2 - 2*b + 3. Let p be l(3). Let r be (-6)/18 + (-4)/p. List the prime factors of (9/(-15))/(r/15).
3
Suppose -k + 37 = 4. What are the prime factors of k*(2/(-3) - -1)?
11
Let v(b) = b**3 - 7*b**2 - b + 9. Let x(z) = -z**3 + 6*z**2 - 7*z - 2. Let k be x(5). Let j = k - -19. What are the prime factors of v(j)?
2
Suppose 0 = 2*p - p - 36. Suppose 0 = -3*i - 0*i + 5*h + p, -3*i = -4*h - 36. What are the prime factors of i?
2, 3
Let b = -64 - -106. What are the prime factors of b?
2, 3, 7
Let r = 2 - 2. Suppose 3*u - 34 = z, 2*u = u + z + 14. Let j = r + u. What are the prime factors of j?
2, 5
Let r be (-1)/(-1*3 + 2). Let b = 6 + 2. Let v = b - r. What are the prime factors of v?
7
Let r be -2*(1 + -1 + 2). What are the prime factors of ((-12)/r)/((-2)/(-14))?
3, 7
Let n(i) = -13*i - 21. List the prime factors of n(-6).
3, 19
List the prime factors of -1 - -8*(-102)/(-4).
7, 29
Suppose -2*u + 1 = 7. Suppose -3*k + 6 = g - 0*g, 0 = 3*k - g - 12. List the prime factors of 9 - (k - 9 - u).
2, 3
Suppose -3*q = -8*q + 65. Let r = q + -1. What are the prime factors of r?
2, 3
List the prime factors of (14/(-10) + 1)/(9/(-2745)).
2, 61
Suppose -536 = -4*u - 44. List the prime factors of u.
3, 41
Suppose -40 = -q - 3. What are the prime factors of q?
37
Suppose -4 = -5*o + 1, 2*o = 5*d - 223. What are the prime factors of d?
3, 5
Let i(n) = n**2 + n - 4. List the prime factors of i(-5).
2
Let r = -2 + 5. Suppose -2*n = m - 92, -4*m + 6 + 74 = 2*n. Suppose -r*f + n = f. List the prime factors of f.
2, 3
Let t(c) = -2*c - 6. Suppose j - 9 = 2*j. What are the prime factors of t(j)?
2, 3
Let l(i) = 15*i**2 + 8*i + 19. List the prime factors of l(-5).
2, 3, 59
Let c(i) = -5*i**2 - 1. Let s(y) = -4*y**2 - y - 1. Let f(q) = 3*c(q) - 4*s(q). Let b be f(-6). Suppose -g = -29 + b. List the prime factors of g.
2
Let f = 69 + -53. List the prime factors of f.
2
Let s be 2/10 - (-19)/5. Suppose -2*k - 27 = -s*c + k, 5*k = -25. What are the prime factors of c?
3
Suppose -5*b - 204 = -9*b. List the prime factors of b.
3, 17
Let p(q) = -q**2 + 12*q - 9. Suppose -5*r + a + 35 = 0, 2*r - 4*r + 2*a = -6. List the prime factors of p(r).
23
Suppose -1 - 49 = -5*g. Let b = -5 - -3. List the prime factors of g + 1 - (-4)/b.
3
Suppose -k - 47 = -a, -a + 6*a = -3*k + 267. List the prime factors of a.
3, 17
Let g(b) = 2*b**3 - b**2 - 5*b + 2. What are the prime factors of g(4)?
2, 47
List the prime factors of -260*((10 - 10) + (-2)/5).
2, 13
Suppose -3 = -3*z - 6. What are the prime factors of (1 - z)*15/6?
5
Suppose -2*t - t - 2*k = -235, -69 = -t + 4*k. List the prime factors of t.
7, 11
Suppose w - 6*w = -2*u - 56, -52 = -4*w - 2*u. Let s = w + -7. Suppose 0 = 5*k + 3*q - 52, k = s*k - 5*q - 49. What are the prime factors of k?
11
Let p = -92 + 206. List the prime factors of p.
2, 3, 19
Suppose -3*j = -2*u + 157, -2*u + 4*j = 3*j - 159. What are the prime factors of u?
2, 5
Suppose s = 2*q - 36, 0*q + 5*s = 5*q - 95. Suppose v + 0 = q. What are the prime factors of v?
17
Let d(o) = o**2 - 2*o - 7. Suppose 26 = 5*t + 1. Suppose -t = 2*j - 0*u + 3*u, -30 = -3*j + 3*u. List the prime factors of d(j).
2
Let u be 7 + -1 + (-5)/5. Suppose u*k + 41 = 3*c - 15, 0 = -4*c + 5*k + 78. List the prime factors of c.
2, 11
Suppose 4*k - 234 = 242. What are the prime factors of k?
7, 17
Let w(y) = y + 2. Let o be w(7). Suppose o + 4 = n. List the prime factors of n.
13
Suppose 3*d = 8*d - 585. List the prime factors of d.
3, 13
Suppose -154 = -3*r + 38. What are the prime factors of r?
2
Let x = -41 - -80. Let n = 4 + x. List the prime factors of n.
43
Let f(v) = -8 - 6 + v**2 + 1 + 4*v. Let r be f(-9). Let p = -19 + r. List the prime factors of p.
13